{"id":1989,"date":"2025-08-27T03:23:44","date_gmt":"2025-08-27T06:23:44","guid":{"rendered":"https:\/\/www.electricosec.cl\/?page_id=1989"},"modified":"2025-08-29T01:04:17","modified_gmt":"2025-08-29T04:04:17","slug":"certificado-te1","status":"publish","type":"page","link":"https:\/\/www.electricosec.cl\/index.php\/certificado-te1\/","title":{"rendered":"Certificado TE1"},"content":{"rendered":"\t\t<div data-elementor-type=\"wp-page\" data-elementor-id=\"1989\" class=\"elementor elementor-1989\" data-elementor-post-type=\"page\">\n\t\t\t\t\t\t<section class=\"elementor-section elementor-top-section elementor-element elementor-element-5a8e419 elementor-section-boxed elementor-section-height-default elementor-section-height-default\" data-id=\"5a8e419\" data-element_type=\"section\" data-settings=\"{&quot;background_background&quot;:&quot;classic&quot;}\">\n\t\t\t\t\t\t\t<div class=\"elementor-background-overlay\"><\/div>\n\t\t\t\t\t\t\t<div class=\"elementor-container elementor-column-gap-default\">\n\t\t\t\t\t<div class=\"elementor-column elementor-col-100 elementor-top-column elementor-element elementor-element-7bb6def\" data-id=\"7bb6def\" data-element_type=\"column\">\n\t\t\t<div class=\"elementor-widget-wrap elementor-element-populated\">\n\t\t\t\t\t\t<div class=\"elementor-element elementor-element-00c8124 elementor-widget elementor-widget-heading\" data-id=\"00c8124\" data-element_type=\"widget\" data-widget_type=\"heading.default\">\n\t\t\t\t<div class=\"elementor-widget-container\">\n\t\t\t\t\t<h1 class=\"elementor-heading-title elementor-size-default\">Certificado TE1\n<\/h1>\t\t\t\t<\/div>\n\t\t\t\t<\/div>\n\t\t\t\t\t<\/div>\n\t\t<\/div>\n\t\t\t\t\t<\/div>\n\t\t<\/section>\n\t\t\t\t<section class=\"elementor-section elementor-top-section elementor-element elementor-element-1a2fc3a elementor-section-boxed elementor-section-height-default elementor-section-height-default\" data-id=\"1a2fc3a\" data-element_type=\"section\" data-settings=\"{&quot;background_background&quot;:&quot;classic&quot;}\">\n\t\t\t\t\t\t<div class=\"elementor-container elementor-column-gap-default\">\n\t\t\t\t\t<div class=\"elementor-column elementor-col-100 elementor-top-column elementor-element elementor-element-072ac64\" data-id=\"072ac64\" data-element_type=\"column\">\n\t\t\t<div class=\"elementor-widget-wrap elementor-element-populated\">\n\t\t\t\t\t\t<div class=\"elementor-element elementor-element-6859ace elementor-widget elementor-widget-text-editor\" data-id=\"6859ace\" data-element_type=\"widget\" data-widget_type=\"text-editor.default\">\n\t\t\t\t<div class=\"elementor-widget-container\">\n\t\t\t\t\t\t\t\t\t<div style=\"font-size: 16px; font-weight: 400; text-align: justify; font-family: Poppins, ui-sans-serif, system-ui, -apple-system, 'Segoe UI', Roboto, Ubuntu, Cantarell, 'Noto Sans', sans-serif, 'Helvetica Neue', Arial; color: #374151; line-height: 1.7;\"><p data-start=\"227\" data-end=\"456\">Realizamos la <strong data-start=\"241\" data-end=\"300\">certificaci\u00f3n oficial de instalaciones el\u00e9ctricas (TE1)<\/strong> ante la <strong data-start=\"309\" data-end=\"366\">SEC (Superintendencia de Electricidad y Combustibles)<\/strong>, garantizando que tu instalaci\u00f3n cumple con todas las normativas vigentes de seguridad.<\/p><p data-start=\"458\" data-end=\"488\">Nuestros servicios incluyen:<\/p><ul data-start=\"489\" data-end=\"956\"><li data-start=\"489\" data-end=\"577\"><p data-start=\"491\" data-end=\"577\"><strong data-start=\"491\" data-end=\"535\">Tramitaci\u00f3n completa del Certificado TE1<\/strong> para viviendas, comercios e industrias.<\/p><\/li><li data-start=\"578\" data-end=\"664\"><p data-start=\"580\" data-end=\"664\"><strong data-start=\"580\" data-end=\"612\">Informes t\u00e9cnicos detallados<\/strong> sobre el estado y cumplimiento de tu instalaci\u00f3n.<\/p><\/li><li data-start=\"665\" data-end=\"763\"><p data-start=\"667\" data-end=\"763\"><strong data-start=\"667\" data-end=\"722\">Mediciones el\u00e9ctricas con instrumentos certificados<\/strong>, asegurando precisi\u00f3n y confiabilidad.<\/p><\/li><li data-start=\"764\" data-end=\"864\"><p data-start=\"766\" data-end=\"864\"><strong data-start=\"766\" data-end=\"809\">Dibujo y levantamiento de planos en CAD<\/strong>, entregando un registro t\u00e9cnico claro y profesional.<\/p><\/li><li data-start=\"865\" data-end=\"956\"><p data-start=\"867\" data-end=\"956\"><strong data-start=\"867\" data-end=\"888\">Asesor\u00eda integral<\/strong>, desde la evaluaci\u00f3n inicial hasta la aprobaci\u00f3n final en la SEC.<\/p><\/li><\/ul><p data-start=\"958\" data-end=\"1153\">Al contar con este certificado, tu instalaci\u00f3n quedar\u00e1 <strong data-start=\"1013\" data-end=\"1038\">habilitada legalmente<\/strong> para su uso, adem\u00e1s de brindar seguridad y respaldo ante compa\u00f1\u00edas el\u00e9ctricas, aseguradoras y entes reguladores.<\/p><\/div>\t\t\t\t\t\t\t\t<\/div>\n\t\t\t\t<\/div>\n\t\t\t\t<div class=\"elementor-element elementor-element-35d6d2c elementor-widget__width-initial elementor-widget elementor-widget-text-editor\" data-id=\"35d6d2c\" data-element_type=\"widget\" data-widget_type=\"text-editor.default\">\n\t\t\t\t<div class=\"elementor-widget-container\">\n\t\t\t\t\t\t\t\t\t<div style=\"background-color: #f7f7f8; color: #374151; font-family: Poppins, ui-sans-serif, system-ui, -apple-system, 'Segoe UI', Roboto, Ubuntu, Cantarell, 'Noto Sans', sans-serif, 'Helvetica Neue', Arial; font-size: 16px; line-height: 1.6; padding: 15px; border: 1px solid #d9d9e3; border-radius: 6px;\"><p style=\"margin-bottom: 1em;\">Contamos con una s\u00f3lida <strong>experiencia en el armado y mantenimiento de Tableros de Alumbrado, Fuerza y Control<\/strong>, incluyendo la gesti\u00f3n de grupos electr\u00f3genos <strong>ATS<\/strong>.<br \/>Tambi\u00e9n dominamos la instalaci\u00f3n y configuraci\u00f3n precisa de equipos de seguridad electr\u00f3nica como <strong>c\u00e1maras, DVR, NVR, routers, switches, alarmas y sensores<\/strong>.<\/p><p style=\"margin-bottom: 1em;\">Nos especializamos en el <strong>dibujo de planos en AutoCAD<\/strong>, la <strong>cubicaci\u00f3n<\/strong>, as\u00ed como en el <strong>dise\u00f1o y planificaci\u00f3n de proyectos<\/strong>, utilizando herramientas avanzadas como la <strong>Carta GANT<\/strong> para garantizar una gesti\u00f3n eficiente y precisa.<\/p><p style=\"margin-bottom: 1em;\">Adem\u00e1s, contamos con amplia experiencia en la <strong>configuraci\u00f3n, mantenimiento y reparaci\u00f3n de computadores<\/strong>, integrando soluciones tecnol\u00f3gicas a medida seg\u00fan las necesidades de cada cliente.<\/p><p style=\"margin-bottom: 0;\">Nuestra trayectoria en <strong>electr\u00f3nica y programaci\u00f3n<\/strong> nos distingue, permiti\u00e9ndonos ofrecer <u>soluciones integrales, innovadoras y de alta calidad<\/u> que marcan la diferencia en cada proyecto.<\/p><\/div>\t\t\t\t\t\t\t\t<\/div>\n\t\t\t\t<\/div>\n\t\t\t\t\t<\/div>\n\t\t<\/div>\n\t\t\t\t\t<\/div>\n\t\t<\/section>\n\t\t\t\t<\/div>\n\t\t","protected":false},"excerpt":{"rendered":"<p>Certificado TE1 Realizamos la certificaci\u00f3n oficial de instalaciones el\u00e9ctricas (TE1) ante la SEC (Superintendencia de Electricidad y Combustibles), garantizando que tu instalaci\u00f3n cumple con todas las normativas vigentes de seguridad. Nuestros servicios incluyen: Tramitaci\u00f3n completa del Certificado TE1 para viviendas, comercios e industrias. Informes t\u00e9cnicos detallados sobre el estado y cumplimiento de tu instalaci\u00f3n. Mediciones [&hellip;]<\/p>\n","protected":false},"author":1,"featured_media":0,"parent":0,"menu_order":0,"comment_status":"closed","ping_status":"closed","template":"","meta":{"footnotes":""},"class_list":["post-1989","page","type-page","status-publish","hentry"],"aioseo_notices":[],"_links":{"self":[{"href":"https:\/\/www.electricosec.cl\/index.php\/wp-json\/wp\/v2\/pages\/1989","targetHints":{"allow":["GET"]}}],"collection":[{"href":"https:\/\/www.electricosec.cl\/index.php\/wp-json\/wp\/v2\/pages"}],"about":[{"href":"https:\/\/www.electricosec.cl\/index.php\/wp-json\/wp\/v2\/types\/page"}],"author":[{"embeddable":true,"href":"https:\/\/www.electricosec.cl\/index.php\/wp-json\/wp\/v2\/users\/1"}],"replies":[{"embeddable":true,"href":"https:\/\/www.electricosec.cl\/index.php\/wp-json\/wp\/v2\/comments?post=1989"}],"version-history":[{"count":19,"href":"https:\/\/www.electricosec.cl\/index.php\/wp-json\/wp\/v2\/pages\/1989\/revisions"}],"predecessor-version":[{"id":2296,"href":"https:\/\/www.electricosec.cl\/index.php\/wp-json\/wp\/v2\/pages\/1989\/revisions\/2296"}],"wp:attachment":[{"href":"https:\/\/www.electricosec.cl\/index.php\/wp-json\/wp\/v2\/media?parent=1989"}],"curies":[{"name":"wp","href":"https:\/\/api.w.org\/{rel}","templated":true}]}}