{"id":1991,"date":"2025-08-27T03:24:08","date_gmt":"2025-08-27T06:24:08","guid":{"rendered":"https:\/\/www.electricosec.cl\/?page_id=1991"},"modified":"2025-08-29T01:06:19","modified_gmt":"2025-08-29T04:06:19","slug":"citofonia","status":"publish","type":"page","link":"https:\/\/www.electricosec.cl\/index.php\/citofonia\/","title":{"rendered":"Citofon\u00eda"},"content":{"rendered":"\t\t<div data-elementor-type=\"wp-page\" data-elementor-id=\"1991\" class=\"elementor elementor-1991\" data-elementor-post-type=\"page\">\n\t\t\t\t\t\t<section class=\"elementor-section elementor-top-section elementor-element elementor-element-45b1c9b elementor-section-boxed elementor-section-height-default elementor-section-height-default\" data-id=\"45b1c9b\" data-element_type=\"section\" data-settings=\"{&quot;background_background&quot;:&quot;classic&quot;}\">\n\t\t\t\t\t\t\t<div class=\"elementor-background-overlay\"><\/div>\n\t\t\t\t\t\t\t<div class=\"elementor-container elementor-column-gap-default\">\n\t\t\t\t\t<div class=\"elementor-column elementor-col-100 elementor-top-column elementor-element elementor-element-f9a5262\" data-id=\"f9a5262\" data-element_type=\"column\">\n\t\t\t<div class=\"elementor-widget-wrap elementor-element-populated\">\n\t\t\t\t\t\t<div class=\"elementor-element elementor-element-51db27d elementor-widget elementor-widget-heading\" data-id=\"51db27d\" data-element_type=\"widget\" data-widget_type=\"heading.default\">\n\t\t\t\t<div class=\"elementor-widget-container\">\n\t\t\t\t\t<h1 class=\"elementor-heading-title elementor-size-default\">Citofon\u00eda<\/h1>\t\t\t\t<\/div>\n\t\t\t\t<\/div>\n\t\t\t\t\t<\/div>\n\t\t<\/div>\n\t\t\t\t\t<\/div>\n\t\t<\/section>\n\t\t\t\t<section class=\"elementor-section elementor-top-section elementor-element elementor-element-c7d2976 elementor-section-boxed elementor-section-height-default elementor-section-height-default\" data-id=\"c7d2976\" data-element_type=\"section\" data-settings=\"{&quot;background_background&quot;:&quot;classic&quot;}\">\n\t\t\t\t\t\t<div class=\"elementor-container elementor-column-gap-default\">\n\t\t\t\t\t<div class=\"elementor-column elementor-col-100 elementor-top-column elementor-element elementor-element-e4944da\" data-id=\"e4944da\" data-element_type=\"column\">\n\t\t\t<div class=\"elementor-widget-wrap elementor-element-populated\">\n\t\t\t\t\t\t<div class=\"elementor-element elementor-element-99c0117 elementor-widget elementor-widget-text-editor\" data-id=\"99c0117\" data-element_type=\"widget\" data-widget_type=\"text-editor.default\">\n\t\t\t\t<div class=\"elementor-widget-container\">\n\t\t\t\t\t\t\t\t\t<div style=\"font-size: 16px; font-weight: 400; text-align: justify; font-family: Poppins, ui-sans-serif, system-ui, -apple-system, 'Segoe UI', Roboto, Ubuntu, Cantarell, 'Noto Sans', sans-serif, 'Helvetica Neue', Arial; color: #374151; line-height: 1.7;\"><h3 data-start=\"149\" data-end=\"196\"><strong data-start=\"153\" data-end=\"194\">Instalaci\u00f3n y Reparaci\u00f3n de Citofon\u00eda<\/strong><\/h3><p data-start=\"198\" data-end=\"337\">Ofrecemos servicio especializado en <strong data-start=\"234\" data-end=\"298\">instalaci\u00f3n, mantenci\u00f3n y reparaci\u00f3n de equipos de citofon\u00eda<\/strong> para casas, condominios y edificios.<\/p><p data-start=\"339\" data-end=\"500\">Nuestros t\u00e9cnicos cuentan con amplia experiencia en la <strong data-start=\"394\" data-end=\"428\">detecci\u00f3n y soluci\u00f3n de fallas<\/strong>, asegurando una comunicaci\u00f3n clara, segura y confiable en tu sistema.<\/p><p data-start=\"502\" data-end=\"531\">\u2705 Servicios que realizamos:<\/p><ul data-start=\"532\" data-end=\"895\"><li data-start=\"532\" data-end=\"597\"><p data-start=\"534\" data-end=\"597\">Instalaci\u00f3n de sistemas de citofon\u00eda residencial y colectiva.<\/p><\/li><li data-start=\"598\" data-end=\"682\"><p data-start=\"600\" data-end=\"682\">Reparaci\u00f3n de equipos en mal funcionamiento (audio, timbre, apertura de puerta).<\/p><\/li><li data-start=\"683\" data-end=\"759\"><p data-start=\"685\" data-end=\"759\">Modernizaci\u00f3n y reemplazo de equipos antiguos por sistemas m\u00e1s actuales.<\/p><\/li><li data-start=\"760\" data-end=\"829\"><p data-start=\"762\" data-end=\"829\">Mantenci\u00f3n preventiva para prolongar la vida \u00fatil de los equipos.<\/p><\/li><li data-start=\"830\" data-end=\"895\"><p data-start=\"832\" data-end=\"895\">Asesor\u00eda t\u00e9cnica para proyectos en condominios y comunidades.<\/p><\/li><\/ul><p data-start=\"897\" data-end=\"1000\">Somos <strong data-start=\"903\" data-end=\"920\">especialistas<\/strong>, trabajamos con rapidez, garant\u00eda y atenci\u00f3n en toda la Regi\u00f3n Metropolitana.<\/p><\/div>\t\t\t\t\t\t\t\t<\/div>\n\t\t\t\t<\/div>\n\t\t\t\t<div class=\"elementor-element elementor-element-319cbe2 elementor-widget__width-initial elementor-widget elementor-widget-text-editor\" data-id=\"319cbe2\" data-element_type=\"widget\" data-widget_type=\"text-editor.default\">\n\t\t\t\t<div class=\"elementor-widget-container\">\n\t\t\t\t\t\t\t\t\t<div style=\"background-color: #f7f7f8; color: #374151; font-family: Poppins, ui-sans-serif, system-ui, -apple-system, 'Segoe UI', Roboto, Ubuntu, Cantarell, 'Noto Sans', sans-serif, 'Helvetica Neue', Arial; font-size: 16px; line-height: 1.6; padding: 15px; border: 1px solid #d9d9e3; border-radius: 6px;\"><p style=\"margin-bottom: 1em;\">Contamos con una s\u00f3lida <strong>experiencia en el armado y mantenimiento de Tableros de Alumbrado, Fuerza y Control<\/strong>, incluyendo la gesti\u00f3n de grupos electr\u00f3genos <strong>ATS<\/strong>.<br \/>Tambi\u00e9n dominamos la instalaci\u00f3n y configuraci\u00f3n precisa de equipos de seguridad electr\u00f3nica como <strong>c\u00e1maras, DVR, NVR, routers, switches, alarmas y sensores<\/strong>.<\/p><p style=\"margin-bottom: 1em;\">Nos especializamos en el <strong>dibujo de planos en AutoCAD<\/strong>, la <strong>cubicaci\u00f3n<\/strong>, as\u00ed como en el <strong>dise\u00f1o y planificaci\u00f3n de proyectos<\/strong>, utilizando herramientas avanzadas como la <strong>Carta GANT<\/strong> para garantizar una gesti\u00f3n eficiente y precisa.<\/p><p style=\"margin-bottom: 1em;\">Adem\u00e1s, contamos con amplia experiencia en la <strong>configuraci\u00f3n, mantenimiento y reparaci\u00f3n de computadores<\/strong>, integrando soluciones tecnol\u00f3gicas a medida seg\u00fan las necesidades de cada cliente.<\/p><p style=\"margin-bottom: 0;\">Nuestra trayectoria en <strong>electr\u00f3nica y programaci\u00f3n<\/strong> nos distingue, permiti\u00e9ndonos ofrecer <u>soluciones integrales, innovadoras y de alta calidad<\/u> que marcan la diferencia en cada proyecto.<\/p><\/div>\t\t\t\t\t\t\t\t<\/div>\n\t\t\t\t<\/div>\n\t\t\t\t\t<\/div>\n\t\t<\/div>\n\t\t\t\t\t<\/div>\n\t\t<\/section>\n\t\t\t\t<\/div>\n\t\t","protected":false},"excerpt":{"rendered":"<p>Citofon\u00eda Instalaci\u00f3n y Reparaci\u00f3n de Citofon\u00eda Ofrecemos servicio especializado en instalaci\u00f3n, mantenci\u00f3n y reparaci\u00f3n de equipos de citofon\u00eda para casas, condominios y edificios. Nuestros t\u00e9cnicos cuentan con amplia experiencia en la detecci\u00f3n y soluci\u00f3n de fallas, asegurando una comunicaci\u00f3n clara, segura y confiable en tu sistema. \u2705 Servicios que realizamos: Instalaci\u00f3n de sistemas de citofon\u00eda [&hellip;]<\/p>\n","protected":false},"author":1,"featured_media":0,"parent":0,"menu_order":0,"comment_status":"closed","ping_status":"closed","template":"","meta":{"footnotes":""},"class_list":["post-1991","page","type-page","status-publish","hentry"],"aioseo_notices":[],"_links":{"self":[{"href":"https:\/\/www.electricosec.cl\/index.php\/wp-json\/wp\/v2\/pages\/1991","targetHints":{"allow":["GET"]}}],"collection":[{"href":"https:\/\/www.electricosec.cl\/index.php\/wp-json\/wp\/v2\/pages"}],"about":[{"href":"https:\/\/www.electricosec.cl\/index.php\/wp-json\/wp\/v2\/types\/page"}],"author":[{"embeddable":true,"href":"https:\/\/www.electricosec.cl\/index.php\/wp-json\/wp\/v2\/users\/1"}],"replies":[{"embeddable":true,"href":"https:\/\/www.electricosec.cl\/index.php\/wp-json\/wp\/v2\/comments?post=1991"}],"version-history":[{"count":19,"href":"https:\/\/www.electricosec.cl\/index.php\/wp-json\/wp\/v2\/pages\/1991\/revisions"}],"predecessor-version":[{"id":2299,"href":"https:\/\/www.electricosec.cl\/index.php\/wp-json\/wp\/v2\/pages\/1991\/revisions\/2299"}],"wp:attachment":[{"href":"https:\/\/www.electricosec.cl\/index.php\/wp-json\/wp\/v2\/media?parent=1991"}],"curies":[{"name":"wp","href":"https:\/\/api.w.org\/{rel}","templated":true}]}}